0632
In base 14, what is -5a49 + 1535?
-4514
In base 12, what is 671 + 10ba1?
11652
In base 13, what is 504b6c69 - 4?
504b6c65
In base 11, what is 116 + -161742?
-161627
In base 12, what is 13a3 - 3568?
-2185
In base 9, what is -1 + 102685136?
102685135
In base 3, what is -100200011010001101 + 20?
-100200011010001011
In base 10, what is 2444 + 96?
2540
In base 5, what is 41123314 - 2102?
41121212
In base 8, what is -420 - 1171177?
-1171617
In base 13, what is 9592a - -1694?
972c1
In base 4, what is -10030101 - -3021330?
-1002111
In base 14, what is -1b48 + 5bb?
-156b
In base 8, what is -2 - 1753233116?
-1753233120
In base 16, what is 7ae1 + 1?
7ae2
In base 6, what is 3210 - -21522225?
21525435
In base 13, what is a9a5390 + 5?
a9a5395
In base 10, what is -10 - -656649?
656639
In base 6, what is 21321502 - -2555?
21324501
In base 2, what is 1000100110 + -100010001101111111?
-100010000101011001
In base 12, what is -28858 + 65a?
-281ba
In base 6, what is -3044241121 + 1?
-3044241120
In base 12, what is 2741 - -1463?
3ba4
In base 14, what is a + -3c338?
-3c32c
In base 6, what is 11545211 - -22?
11545233
In base 4, what is -11022 - 22111030?
-22122112
In base 5, what is -110241234411 + -10?
-110241234421
In base 12, what is 90 + 105b52?
106022
In base 10, what is 1 - -1915169?
1915170
In base 10, what is 22135320 - 41?
22135279
In base 8, what is -36051 + 502?
-35347
In base 8, what is -64 - 22274?
-22360
In base 12, what is 6 + -21b7ab2?
-21b7aa8
In base 9, what is 2 - -73100125?
73100127
In base 14, what is bc1c - 530?
b6cc
In base 3, what is -11022001 - 2121110210?
-2202202211
In base 3, what is 1120120 - 211121?
201222
In base 4, what is 10301 + 2323222202?
2323233103
In base 4, what is -11 + -3132231231123?
-3132231231200
In base 12, what is 1362436 + 41?
1362477
In base 7, what is 2444 + 26240?
32014
In base 3, what is 21 + 10021001212022?
10021001212120
In base 4, what is -211222 - -323000202?
322122320
In base 3, what is 121011100121 + 1111020?
121012211211
In base 10, what is 26278591 - 4?
26278587
In base 4, what is -20111 - 33031301?
-33112012
In base 3, what is 1001010220010021101 - 2?
1001010220010021022
In base 5, what is -3 - 111000104?
-111000112
In base 11, what is -16084 - -15a?
-15a25
In base 3, what is -221002200202222 + 2120?
-221002200200102
In base 9, what is -3 + -52367172?
-52367175
In base 2, what is 1100 - -1101110110101111111001001?
1101110110101111111010101
In base 7, what is 40443 - -261?
41034
In base 7, what is 34140210 + 5?
34140215
In base 9, what is 33712287 - 0?
33712287
In base 8, what is 136 - 1025405?
-1025247
In base 13, what is -312 - b614?
-b926
In base 10, what is 5 - -69088313?
69088318
In base 16, what is -cf4 + 1b85?
e91
In base 4, what is 20121 - 300121301?
-300101120
In base 16, what is -1 + -6c857?
-6c858
In base 8, what is 31034167 + -4?
31034163
In base 2, what is -101111001000011110010011 - 10111?
-101111001000011110101010
In base 9, what is 1111661 + 113?
1111774
In base 13, what is 4183050 - 2?
418304b
In base 2, what is 100 + -101000110111101?
-101000110111001
In base 9, what is -5 + 565711601?
565711585
In base 16, what is 3211ca + 1?
3211cb
In base 8, what is -7013 + 3632?
-3161
In base 4, what is -10313022301 + 1030?
-10313021211
In base 9, what is 225 - -83400?
83625
In base 4, what is 0 + -210210113330?
-210210113330
In base 2, what is -110011 - 11001000111101010?
-11001001000011101
In base 11, what is 36 - -475988?
475a13
In base 4, what is -203202001320 - 200?
-203202002120
In base 3, what is -222 - 20001112011?
-20001120010
In base 16, what is -315 + -28b9?
-2bce
In base 5, what is 113223312200 + -2?
113223312143
In base 13, what is 5 + 22809090?
22809095
In base 3, what is 21021 - 1121102100101?
-1121102002010
In base 11, what is -2756 + 4308?
1662
In base 12, what is 115422a - -6?
1154234
In base 3, what is 12 + 1200020100111?
1200020100200
In base 14, what is -23 + 1416b03?
1416ac0
In base 14, what is 37cd68 - 105?
37cc63
In base 15, what is -10 + 90c41c?
90c40c
In base 16, what is 5 + 1d2d636?
1d2d63b
In base 9, what is 2364 - 24607?
-22233
In base 6, what is 32431335 + 2?
32431341
In base 15, what is e0d - -3528?
4436
In base 2, what is 1 - 110101011111110101100011011?
-110101011111110101100011010
In base 8, what is 7011 - -47443?
56454
In base 15, what is 1 + -215178?
-215177
In base 10, what is 0 - -10210777?
10210777
In base 2, what is 11 + -11001100001101001100100?
-11001100001101001100001
In base 12, what is b20b1b1a - 1?
b20b1b19
In base 5, what is -403 - 3413323?
-3414231
In base 14, what is 20c - -1273a9?
1275b7
In base 13, what is -80b0 - -8922?
842
In base 6, what is -13344 + 3503200?
3445412
In base 7, what is -5 + 432015152?
432015144
In base 7, what is 14460426113 - 5?
14460426105
In base 10, what is 7 - 87160991?
-87160984
In base 11, what is 4619a1 - 254?
461748
In base 3, what is -22000001221212122 - -10?
-22000001221212112
In base 13, what is -317c8 + -126?
-31921
In base 3, what is 111 - -100210120000100?
100210120000211
In base 7, what is -220463 + -510?
-221303
In base 5, what is 140422 + 12342?
203314
In base 15, what is -1 + -320564?
-320565
In base 16, what is 2b8 + 5928?
5be0
In base 7, what is -13310516104 + -3?
-13310516110
In base 9, what is 7123 + -61835?
-53712
In base 7, what is -3 - 1255552230?
-1255552233
In base 5, what is -20 + -3132101211?
-3132101231
In base 9, what is 1 + 22340721?
22340722
In base 15, what is -1 + 127d6aa?
127d6a9
In base 8, what is -54103 - 76045?
-152150
In base 6, what is -11311020 + -12553?
-11324013
In base 5, what is 3011021 + -24003?
2432013
In base 5, what is -120113122 + 132?
-120112440
In base 10, what is 344 - -13907?
14251
In base 15, what is 1e29 - e3?
1d36
In base 12, what is 129026 + 1a5?
12920b
In base 3, what is 122020002102 + 1012021?
122021021200
In base 12, what is 56 - -1396baa?
1397044
In base 13, what is -5 - c169a16?
-c169a1b
In base 14, what is 356 + -14a48?
-146d2
In base 5, what is 12113 - -323022?
340140
In base 13, what is -1650113 + -4?
-1650117
In base 7, what is 151061432 - 5?
151061424
In base 13, what is -383218 - 3ca?
-383615
In base 9, what is 4 + 287238218?
287238223
In base 11, what is 48a61 - 9384?
3a688
In base 7, what is 203 - 13564365?
-13564162
In base 6, what is -1354104 + 122?
-1353542
In base 10, what is 34463 + -23211?
11252
In base 15, what is 7d84 + -68a?
76e9
In base 15, what is 5 - -c6451a?
c64520
In base 13, what is 17b + -b3050?
-b2ba2
In base 7, what is -1 - 2425044301?
-2425044302
In base 14, what is -2 + -2198095d?
-21980961
In base 5, what is -1123012 - 432?
-1123444
In base 4, what is 1 - -11102210302300?
11102210302301
In base 10, what is -8800 - -20408?
11608
In base 9, what is 3 - -1187242861?
1187242864
In base 10, what is -2518 + -599559?
-602077
In base 2, what is -1010110000 - -1001001110100?
111111000100
In base 12, what is -1 - 448b060?
-448b061
In base 10, what is 279 + -3265059?
-3264780
In base 16, what is -3 + a672d1?
a672ce
In base 4, what is 10100001201 + -13?
10100001122
In base 12, what is -10b6b41 + -a?
-10b6b4b
In base 8, what is -266104 - 2701?
-271005
In base 12, what is -b - -408191?
408182
In base 7, what is -53431642 - -1?
-53431641
In base 14, what is -2cad10c - 4?
-2cad112
In base 2, what is 1110011010000 - 10010011?
1110000111101
In base 13, what is 79 - -38c22?
38c9b
In base 4, what is -2312 - -1220211032?
1220202120
In base 5, what is -10002324204 - 2?
-10002324211
In base 13, what is 0 + -1401416?
-1401416
In base 4, what is 201011113132112 - 10?
201011113132102
In base 14, what is 33636 - -5?
3363b
In base 2, what is -101010101111101001111011 - 101?
-101010101111101010000000
In base 11, what is -1426336860 - -4?
-1426336857
In base 2, what is 11011011000110101010 + -1010010010?
11011010111100011000
In base 16, what is e9e3 - -225b?
10c3e
In base 16, what is -1b40f9 + 5?
-1b40f4
In base 4, what is 3 - 3023123202303?
-3023123202300
In base 8, what is -12 + -155464?
-155476
In base 16, what is 61 - 3c9d?
-3c3c
In base 6, what is 1002 - -13510412?
13511414
In base 6, what is 22 + 402150301?
402150323
In base 11, what is 6a5 + -1a670?
-19a76
In base 3, what is -20020122001 + 1121?
-20020120110
In base 6, what is -51 - -2201233?
2201142
In ba